{"id":106,"date":"2009-12-03T08:30:19","date_gmt":"2009-12-03T07:30:19","guid":{"rendered":"http:\/\/www.urlaub-auf-moenchgut.de\/wp\/?page_id=106"},"modified":"2021-02-08T23:54:37","modified_gmt":"2021-02-08T22:54:37","slug":"appartement-5","status":"publish","type":"page","link":"https:\/\/www.urlaub-auf-moenchgut.de\/?page_id=106","title":{"rendered":"Ferienappartement Schwalbennest"},"content":{"rendered":"<p style=\"text-align: justify;\"><a href=\"http:\/\/www.urlaub-auf-moenchgut.de\/wp-content\/uploads\/2009\/12\/schwalben-nest.png\"><img loading=\"lazy\" decoding=\"async\" width=\"150\" height=\"150\" class=\"size-thumbnail wp-image-718 alignleft\" style=\"border: 0pt none; margin: 2px 6px;\" title=\"schwalben-nest\" src=\"http:\/\/www.urlaub-auf-moenchgut.de\/wp-content\/uploads\/2009\/12\/schwalben-nest-150x150.png\" alt=\"schwalben-nest\" srcset=\"https:\/\/www.urlaub-auf-moenchgut.de\/wp-content\/uploads\/2009\/12\/schwalben-nest-150x150.png 150w, https:\/\/www.urlaub-auf-moenchgut.de\/wp-content\/uploads\/2009\/12\/schwalben-nest-300x300.png 300w, https:\/\/www.urlaub-auf-moenchgut.de\/wp-content\/uploads\/2009\/12\/schwalben-nest.png 550w\" sizes=\"auto, (max-width: 150px) 100vw, 150px\" \/><\/a>Unser sehr sch\u00f6nes Ferienappartement Schwalbennest ist ca. 50 qm gro\u00df und bietet f\u00fcr max. 2 G\u00e4ste und ein kleines Kinderreisebett Platz.<\/p>\n<p style=\"text-align: justify;\">Das liebevoll und komfortabel eingerichtete Ferienappartement liegt im Obergeschoss unseres neu erbauten, rohrgedeckten Hauses und hat einen eigenen Eingangsbereich. Durch die sch\u00f6nen Gaubenfenster und die Dachschr\u00e4gen hat das Appartement einen angenehmen Wohncharakter.<\/p>\n<p style=\"text-align: justify;\">Im Wohnzimmer stehen eine Sitzgruppe mit Tisch und Sesseln, ein Esstisch mit St\u00fchlen und ein Schrank mit TV &#8211; Ger\u00e4t. Hier befindet sich auch die K\u00fcchenzeile mit einem Cerankochfeld, K\u00fchlschrank, Geschirrsp\u00fcler, Wasserkocher, Kaffeemaschine, Toaster und Mikrowelle. Ein kleines Kinderreisebett und ein Hochstuhl k\u00f6nnen auf Wunsch kostenlos bereit gestellt werden. Im Schlafzimmer (das \u00fcber eine Treppe unter dem Dach zu erreichen ist) stehen ein bequemes Doppelbett mit Nachttisch und Leselampe sowie ein Kleiderschrank. Das modern eingerichtete Bad verf\u00fcgt \u00fcber Dusche, WC, Waschtisch und Fenster.<\/p>\n<p style=\"text-align: justify;\">Direkt vor dem Haus kann eine sch\u00f6ne Terrasse mit Gartenm\u00f6beln und Grill mitgenutzt werden.<\/p>\n<p style=\"text-align: justify;\">&nbsp;<\/p>\n<p style=\"text-align: justify;\"><span style=\"text-decoration: underline;\"><strong>Ausstattung Appartement:<\/strong><\/span><\/p>\n<p style=\"text-align: justify;\">Backofen, Bad, Bettw\u00e4sche, Dusche\/WC, Handt\u00fccher, Heizung, Hochstuhl, K\u00fcchenzeile, K\u00fchlschrank, Kabel\/Sat, Kinderbett, Mikrowelle, Radio, Sitzecke im Garten, Sitzgruppe, Sp\u00fclmaschine, Terrasse, TV<\/p>\n<p style=\"text-align: center;\">&#8211; <a title=\"Preisiste\" href=\"?page_id=112\">Preise<\/a> &amp; <a title=\"Arrangements\" href=\"?page_id=114\">Arrangements <\/a>&#8211;<\/p>\n<p style=\"text-align: left;\"><strong><img loading=\"lazy\" decoding=\"async\" width=\"450\" height=\"30\" class=\"alignnone size-full wp-image-675\" style=\"border: 0pt none;\" title=\"border\" src=\"http:\/\/www.urlaub-auf-moenchgut.de\/wp-content\/uploads\/2009\/12\/border.jpg\" alt=\"border\" srcset=\"https:\/\/www.urlaub-auf-moenchgut.de\/wp-content\/uploads\/2009\/12\/border.jpg 450w, https:\/\/www.urlaub-auf-moenchgut.de\/wp-content\/uploads\/2009\/12\/border-300x20.jpg 300w\" sizes=\"auto, (max-width: 450px) 100vw, 450px\" \/><\/strong><\/p>\nngg_shortcode_0_placeholder\n<p style=\"text-align: left;\"><strong>&nbsp;<\/strong><\/p>\n","protected":false},"excerpt":{"rendered":"<p>Unser sehr sch\u00f6nes Ferienappartement Schwalbennest ist ca. 50 qm gro\u00df und bietet f\u00fcr max. 2 G\u00e4ste und ein kleines Kinderreisebett Platz. Das liebevoll und komfortabel eingerichtete Ferienappartement liegt im Obergeschoss unseres neu erbauten, rohrgedeckten Hauses und hat einen eigenen Eingangsbereich.<\/p>\n","protected":false},"author":2,"featured_media":0,"parent":96,"menu_order":250,"comment_status":"closed","ping_status":"open","template":"","meta":{"ngg_post_thumbnail":0,"footnotes":""},"class_list":["post-106","page","type-page","status-publish","hentry"],"_links":{"self":[{"href":"https:\/\/www.urlaub-auf-moenchgut.de\/index.php?rest_route=\/wp\/v2\/pages\/106","targetHints":{"allow":["GET"]}}],"collection":[{"href":"https:\/\/www.urlaub-auf-moenchgut.de\/index.php?rest_route=\/wp\/v2\/pages"}],"about":[{"href":"https:\/\/www.urlaub-auf-moenchgut.de\/index.php?rest_route=\/wp\/v2\/types\/page"}],"author":[{"embeddable":true,"href":"https:\/\/www.urlaub-auf-moenchgut.de\/index.php?rest_route=\/wp\/v2\/users\/2"}],"replies":[{"embeddable":true,"href":"https:\/\/www.urlaub-auf-moenchgut.de\/index.php?rest_route=%2Fwp%2Fv2%2Fcomments&post=106"}],"version-history":[{"count":8,"href":"https:\/\/www.urlaub-auf-moenchgut.de\/index.php?rest_route=\/wp\/v2\/pages\/106\/revisions"}],"predecessor-version":[{"id":1864,"href":"https:\/\/www.urlaub-auf-moenchgut.de\/index.php?rest_route=\/wp\/v2\/pages\/106\/revisions\/1864"}],"up":[{"embeddable":true,"href":"https:\/\/www.urlaub-auf-moenchgut.de\/index.php?rest_route=\/wp\/v2\/pages\/96"}],"wp:attachment":[{"href":"https:\/\/www.urlaub-auf-moenchgut.de\/index.php?rest_route=%2Fwp%2Fv2%2Fmedia&parent=106"}],"curies":[{"name":"wp","href":"https:\/\/api.w.org\/{rel}","templated":true}]}}