{"id":177,"date":"2009-12-06T16:51:17","date_gmt":"2009-12-06T15:51:17","guid":{"rendered":"http:\/\/www.urlaub-auf-moenchgut.de\/wp\/?page_id=177"},"modified":"2010-08-16T20:31:29","modified_gmt":"2010-08-16T18:31:29","slug":"geschichte","status":"publish","type":"page","link":"https:\/\/www.urlaub-auf-moenchgut.de\/?page_id=177","title":{"rendered":"Gastfreundschaft mit Tradition!"},"content":{"rendered":"<p style=\"text-align: justify;\"><a href=\"http:\/\/www.urlaub-auf-moenchgut.de\/wp-content\/uploads\/2009\/12\/pk-damenbad.jpg\"><img loading=\"lazy\" decoding=\"async\" width=\"150\" height=\"150\" class=\"size-thumbnail wp-image-816 alignleft\" style=\"border: 1px solid #f5ba5e; margin: 0px 6px;\" title=\"pk-damenbad\" src=\"http:\/\/www.urlaub-auf-moenchgut.de\/wp-content\/uploads\/2009\/12\/pk-damenbad-150x150.jpg\" alt=\"pk-damenbad\" \/><\/a>Als eines der \u00e4ltesten Fischerd\u00f6rfer R\u00fcgens ist Gro\u00df Zicker ein Ort, in welchem sich Traditionen und Br\u00e4uche von einst weitestgehend erhalten haben, so dass man heute von einem Museum spricht.<br \/>\nHier, in der Mitte des Ortes, liegt unser Hof, ein traditioneller Dreiseitenhof, dessen Geschichte <a href=\"http:\/\/www.urlaub-auf-moenchgut.de\/wp-content\/uploads\/2009\/12\/pk-bauernhaus.jpg\"><img loading=\"lazy\" decoding=\"async\" width=\"150\" height=\"150\" class=\"size-thumbnail wp-image-818 alignright\" style=\"border: 1px solid #f5ba5e; margin: 0px 6px;\" title=\"pk-bauernhaus\" src=\"http:\/\/www.urlaub-auf-moenchgut.de\/wp-content\/uploads\/2009\/12\/pk-bauernhaus-150x150.jpg\" alt=\"pk-bauernhaus\" \/><\/a>sich bis zum Jahr 1695 zur\u00fcckverfolgen l\u00e4sst und der sich immer in unserem Familienbesitz befand.<br \/>\nFr\u00fcher war auf dem Hof der Haupterwerb Landwirtschaft, Schafzucht und Fischerei. Doch auch die Gastfreundschaft geh\u00f6rt seit jeher zur Tradition in unserer Familie. Bevor zahlreiche Urlauber die sch\u00f6ne Halbinsel M\u00f6nchgut f\u00fcr sich entdeckten, kamen schon bekannte Maler und Schriftsteller zu uns als G\u00e4ste, die sich auf R\u00fcgen gern k\u00fcnstlerisch bet\u00e4tigen und erholen. Auch diese Tradition hat sich bis heute erhalten.<\/p>\n<p style=\"text-align: center;\"><a href=\"http:\/\/www.urlaub-auf-moenchgut.de\/wp-content\/uploads\/2009\/12\/pk-jagdschloss.jpg\"><img loading=\"lazy\" decoding=\"async\" width=\"150\" height=\"150\" class=\"alignnone size-thumbnail wp-image-820\" style=\"border: 1px solid #f5ba5e; margin: 0px 6px;\" title=\"pk-jagdschloss\" src=\"http:\/\/www.urlaub-auf-moenchgut.de\/wp-content\/uploads\/2009\/12\/pk-jagdschloss-150x150.jpg\" alt=\"pk-jagdschloss\" \/><\/a><a href=\"http:\/\/www.urlaub-auf-moenchgut.de\/wp-content\/uploads\/2009\/12\/pk-strand.jpg\"><img loading=\"lazy\" decoding=\"async\" width=\"150\" height=\"150\" class=\"alignnone size-thumbnail wp-image-821\" style=\"border: 1px solid #f5ba5e; margin: 0px 6px;\" title=\"pk-strand\" src=\"http:\/\/www.urlaub-auf-moenchgut.de\/wp-content\/uploads\/2009\/12\/pk-strand-150x150.jpg\" alt=\"pk-strand\" \/><\/a> <a href=\"http:\/\/www.urlaub-auf-moenchgut.de\/wp-content\/uploads\/2009\/12\/pk-bauernhaus-mg.jpg\"><img loading=\"lazy\" decoding=\"async\" width=\"150\" height=\"150\" class=\"alignnone size-thumbnail wp-image-822\" style=\"border: 1px solid #f5ba5e; margin: 0px 6px;\" title=\"pk-bauernhaus--mg\" src=\"http:\/\/www.urlaub-auf-moenchgut.de\/wp-content\/uploads\/2009\/12\/pk-bauernhaus-mg-150x150.jpg\" alt=\"pk-bauernhaus--mg\" \/><\/a><\/p>\n","protected":false},"excerpt":{"rendered":"<p>Als eines der \u00e4ltesten Fischerd\u00f6rfer R\u00fcgens ist Gro\u00df Zicker ein Ort, in welchem sich Traditionen und Br\u00e4uche von einst weitestgehend erhalten haben, so dass man heute von einem Museum spricht. Hier, in der Mitte des Ortes, liegt unser Hof, ein<\/p>\n","protected":false},"author":2,"featured_media":0,"parent":395,"menu_order":104,"comment_status":"closed","ping_status":"open","template":"","meta":{"ngg_post_thumbnail":0,"footnotes":""},"class_list":["post-177","page","type-page","status-publish","hentry"],"_links":{"self":[{"href":"https:\/\/www.urlaub-auf-moenchgut.de\/index.php?rest_route=\/wp\/v2\/pages\/177","targetHints":{"allow":["GET"]}}],"collection":[{"href":"https:\/\/www.urlaub-auf-moenchgut.de\/index.php?rest_route=\/wp\/v2\/pages"}],"about":[{"href":"https:\/\/www.urlaub-auf-moenchgut.de\/index.php?rest_route=\/wp\/v2\/types\/page"}],"author":[{"embeddable":true,"href":"https:\/\/www.urlaub-auf-moenchgut.de\/index.php?rest_route=\/wp\/v2\/users\/2"}],"replies":[{"embeddable":true,"href":"https:\/\/www.urlaub-auf-moenchgut.de\/index.php?rest_route=%2Fwp%2Fv2%2Fcomments&post=177"}],"version-history":[{"count":2,"href":"https:\/\/www.urlaub-auf-moenchgut.de\/index.php?rest_route=\/wp\/v2\/pages\/177\/revisions"}],"predecessor-version":[{"id":979,"href":"https:\/\/www.urlaub-auf-moenchgut.de\/index.php?rest_route=\/wp\/v2\/pages\/177\/revisions\/979"}],"up":[{"embeddable":true,"href":"https:\/\/www.urlaub-auf-moenchgut.de\/index.php?rest_route=\/wp\/v2\/pages\/395"}],"wp:attachment":[{"href":"https:\/\/www.urlaub-auf-moenchgut.de\/index.php?rest_route=%2Fwp%2Fv2%2Fmedia&parent=177"}],"curies":[{"name":"wp","href":"https:\/\/api.w.org\/{rel}","templated":true}]}}