{"id":98,"date":"2009-12-03T08:27:31","date_gmt":"2009-12-03T07:27:31","guid":{"rendered":"http:\/\/www.urlaub-auf-moenchgut.de\/wp\/?page_id=98"},"modified":"2021-02-09T00:16:22","modified_gmt":"2021-02-08T23:16:22","slug":"appartement-1","status":"publish","type":"page","link":"https:\/\/www.urlaub-auf-moenchgut.de\/?page_id=98","title":{"rendered":"Ferienappartement Kieckenbusch"},"content":{"rendered":"<p style=\"text-align: justify;\"><img loading=\"lazy\" decoding=\"async\" width=\"150\" height=\"150\" class=\"size-thumbnail wp-image-584 alignleft\" style=\"border: 0pt none; margin: 2px 6px;\" title=\"kiekenbusch\" src=\"http:\/\/www.urlaub-auf-moenchgut.de\/wp-content\/uploads\/2009\/12\/kiekenbusch-150x150.png\" alt=\"kiekenbusch\" srcset=\"https:\/\/www.urlaub-auf-moenchgut.de\/wp-content\/uploads\/2009\/12\/kiekenbusch-150x150.png 150w, https:\/\/www.urlaub-auf-moenchgut.de\/wp-content\/uploads\/2009\/12\/kiekenbusch-300x300.png 300w, https:\/\/www.urlaub-auf-moenchgut.de\/wp-content\/uploads\/2009\/12\/kiekenbusch.png 500w\" sizes=\"auto, (max-width: 150px) 100vw, 150px\" \/><\/p>\n<p style=\"text-align: justify;\">Unser Ferienappartement Kieckenbusch ist ca. 50 qm gro\u00df und bietet f\u00fcr max. 4 G\u00e4ste und ein kleines Kinderreisebett Platz.<\/p>\n<p style=\"text-align: justify;\">Das liebevoll und komfortabel eingerichtete Ferienappartement liegt im Erdgeschoss unseres alten rohrgedeckten Hauses und hat einen eigenen Eingangsbereich.<br \/>\nDurch die bei der Renovierung erhaltenen alten Deckenbalken hat das Appartement einen angenehmen Wohncharakter.<br \/>\nAus dem Appartementfenster genie\u00dfen Sie einen sch\u00f6nen Ausblick in den Gr\u00fcnbewuchs der Zickerschen Berge, daher der Name Kieckenbusch.<\/p>\n<p style=\"text-align: justify;\">Im gro\u00dfen Wohnzimmer stehen eine Sitzgruppe mit Tisch und Sesseln, ein Esstisch mit St\u00fchlen und ein Schrank mit TV &#8211; Ger\u00e4t. Hier befindet sich auch die K\u00fcchenzeile mit einem Cerankochfeld, K\u00fchlschrank, Geschirrsp\u00fcler, Wasserkocher, Kaffeemaschine, Toaster und Mikrowelle. Ein kleines Kinderreisebett und ein Hochstuhl k\u00f6nnen auf Wunsch kostenlos bereit gestellt werden. Im ersten Schlafzimmer stehen ein bequemes Doppelbett mit Nachttisch und Leselampe sowie ein Kleiderschrank. Im zweiten Schlafzimmer stehen zwei Einzelbetten. Das modern eingerichtete Bad verf\u00fcgt \u00fcber Dusche, WC, Waschbecken und hat ein Fenster.<\/p>\n<p style=\"text-align: justify;\">Direkt vor dem Haus kann eine sch\u00f6ne Terrasse mit Gartenm\u00f6beln und Grill mitgenutzt werden.<\/p>\n<p style=\"text-align: justify;\">&nbsp;<\/p>\n<p style=\"text-align: center;\">&#8211; <a title=\"Preisiste\" href=\"?page_id=112\">Preise<\/a> &amp; <a title=\"Arrangements\" href=\"?page_id=114\">Arrangements <\/a>&#8211;<\/p>\n<p><strong><img loading=\"lazy\" decoding=\"async\" width=\"450\" height=\"30\" class=\"alignnone size-full wp-image-675\" style=\"border: 0pt none;\" title=\"border\" src=\"http:\/\/www.urlaub-auf-moenchgut.de\/wp-content\/uploads\/2009\/12\/border.jpg\" alt=\"border\" srcset=\"https:\/\/www.urlaub-auf-moenchgut.de\/wp-content\/uploads\/2009\/12\/border.jpg 450w, https:\/\/www.urlaub-auf-moenchgut.de\/wp-content\/uploads\/2009\/12\/border-300x20.jpg 300w\" sizes=\"auto, (max-width: 450px) 100vw, 450px\" \/><\/strong><\/p>\nngg_shortcode_0_placeholder\n<p style=\"text-align: left;\"><strong>&nbsp;<\/strong><\/p>\n<p style=\"text-align: center;\"><strong>&nbsp;<\/strong><\/p>\n","protected":false},"excerpt":{"rendered":"<p>Unser Ferienappartement Kieckenbusch ist ca. 50 qm gro\u00df und bietet f\u00fcr max. 4 G\u00e4ste und ein kleines Kinderreisebett Platz. Das liebevoll und komfortabel eingerichtete Ferienappartement liegt im Erdgeschoss unseres alten rohrgedeckten Hauses und hat einen eigenen Eingangsbereich. Durch die bei<\/p>\n","protected":false},"author":2,"featured_media":0,"parent":96,"menu_order":210,"comment_status":"closed","ping_status":"open","template":"","meta":{"ngg_post_thumbnail":0,"footnotes":""},"class_list":["post-98","page","type-page","status-publish","hentry"],"_links":{"self":[{"href":"https:\/\/www.urlaub-auf-moenchgut.de\/index.php?rest_route=\/wp\/v2\/pages\/98","targetHints":{"allow":["GET"]}}],"collection":[{"href":"https:\/\/www.urlaub-auf-moenchgut.de\/index.php?rest_route=\/wp\/v2\/pages"}],"about":[{"href":"https:\/\/www.urlaub-auf-moenchgut.de\/index.php?rest_route=\/wp\/v2\/types\/page"}],"author":[{"embeddable":true,"href":"https:\/\/www.urlaub-auf-moenchgut.de\/index.php?rest_route=\/wp\/v2\/users\/2"}],"replies":[{"embeddable":true,"href":"https:\/\/www.urlaub-auf-moenchgut.de\/index.php?rest_route=%2Fwp%2Fv2%2Fcomments&post=98"}],"version-history":[{"count":10,"href":"https:\/\/www.urlaub-auf-moenchgut.de\/index.php?rest_route=\/wp\/v2\/pages\/98\/revisions"}],"predecessor-version":[{"id":1869,"href":"https:\/\/www.urlaub-auf-moenchgut.de\/index.php?rest_route=\/wp\/v2\/pages\/98\/revisions\/1869"}],"up":[{"embeddable":true,"href":"https:\/\/www.urlaub-auf-moenchgut.de\/index.php?rest_route=\/wp\/v2\/pages\/96"}],"wp:attachment":[{"href":"https:\/\/www.urlaub-auf-moenchgut.de\/index.php?rest_route=%2Fwp%2Fv2%2Fmedia&parent=98"}],"curies":[{"name":"wp","href":"https:\/\/api.w.org\/{rel}","templated":true}]}}